{"id":355,"date":"2023-05-16T07:28:44","date_gmt":"2023-05-16T07:28:44","guid":{"rendered":"https:\/\/wakirete.com\/?page_id=355"},"modified":"2023-05-16T07:38:58","modified_gmt":"2023-05-16T07:38:58","slug":"quienes-somos","status":"publish","type":"page","link":"https:\/\/wakirete.com\/index.php\/quienes-somos\/","title":{"rendered":"Quienes somos"},"content":{"rendered":"\t\t<div data-elementor-type=\"wp-page\" data-elementor-id=\"355\" class=\"elementor elementor-355\">\n\t\t\t\t\t\t\t\t\t<section class=\"elementor-section elementor-top-section elementor-element elementor-element-9b1d5a1 elementor-section-boxed elementor-section-height-default elementor-section-height-default\" data-id=\"9b1d5a1\" data-element_type=\"section\">\n\t\t\t\t\t\t<div class=\"elementor-container elementor-column-gap-default\">\n\t\t\t\t\t<div class=\"elementor-column elementor-col-100 elementor-top-column elementor-element elementor-element-606a78e\" data-id=\"606a78e\" data-element_type=\"column\">\n\t\t\t<div class=\"elementor-widget-wrap elementor-element-populated\">\n\t\t\t\t\t\t\t\t<div class=\"elementor-element elementor-element-799d4a9 elementor-widget elementor-widget-text-editor\" data-id=\"799d4a9\" data-element_type=\"widget\" data-widget_type=\"text-editor.default\">\n\t\t\t\t<div class=\"elementor-widget-container\">\n\t\t\t<style>\/*! elementor - v3.13.2 - 11-05-2023 *\/\n.elementor-widget-text-editor.elementor-drop-cap-view-stacked .elementor-drop-cap{background-color:#69727d;color:#fff}.elementor-widget-text-editor.elementor-drop-cap-view-framed .elementor-drop-cap{color:#69727d;border:3px solid;background-color:transparent}.elementor-widget-text-editor:not(.elementor-drop-cap-view-default) .elementor-drop-cap{margin-top:8px}.elementor-widget-text-editor:not(.elementor-drop-cap-view-default) .elementor-drop-cap-letter{width:1em;height:1em}.elementor-widget-text-editor .elementor-drop-cap{float:left;text-align:center;line-height:1;font-size:50px}.elementor-widget-text-editor .elementor-drop-cap-letter{display:inline-block}<\/style>\t\t\t\t<h4>**Wakirete: tu gu\u00eda de compras inteligente**<\/h4><p>\u00bfTe sientes abrumado por la cantidad de opciones que hay en el mercado? \u00bfNo sabes qu\u00e9 producto elegir entre tantos modelos y marcas? \u00bfQuieres comprar con confianza y seguridad?<\/p><p>En Wakirete te lo ponemos f\u00e1cil. Somos un servicio de recomendaci\u00f3n de productos que te ayuda a encontrar lo que realmente necesitas. No somos una tienda online, sino una gu\u00eda de compras inteligente que te ofrece informaci\u00f3n \u00fatil, objetiva y veraz sobre miles de productos.<\/p><p>Nuestro equipo est\u00e1 formado por expertos en diferentes \u00e1reas que analizan y prueban los productos de forma independiente y rigurosa. No nos dejamos influir por las modas, los precios o las presiones de los fabricantes. Solo te recomendamos lo mejor de lo mejor, bas\u00e1ndonos en criterios como la calidad, el dise\u00f1o, la funcionalidad y la satisfacci\u00f3n de los clientes.<\/p><p>Adem\u00e1s, te ofrecemos contenido de valor para que aprendas m\u00e1s sobre los productos que te interesan, c\u00f3mo usarlos, c\u00f3mo cuidarlos y c\u00f3mo sacarles el m\u00e1ximo partido. Y si tienes alguna duda, puedes contactar con nosotros y te asesoraremos personalmente.<\/p><p>En Wakirete queremos que ahorres tiempo y dinero, pero sobre todo que compres con criterio y disfrutes de tus compras. Por eso, estamos siempre atentos a las novedades del mercado, a las opiniones de los usuarios y a las sugerencias de nuestros lectores.<\/p><p>Wakirete es tu gu\u00eda de compras inteligente. Conf\u00eda en nosotros y descubre lo que realmente importa.<\/p><p>\u00a0<\/p>\t\t\t\t\t\t<\/div>\n\t\t\t\t<\/div>\n\t\t\t\t\t<\/div>\n\t\t<\/div>\n\t\t\t\t\t\t\t<\/div>\n\t\t<\/section>\n\t\t\t\t\t\t\t<\/div>\n\t\t","protected":false},"excerpt":{"rendered":"<p>**Wakirete: tu gu\u00eda de compras inteligente** \u00bfTe sientes abrumado por la cantidad de opciones que hay en el mercado? \u00bfNo sabes qu\u00e9 producto elegir entre tantos modelos y marcas? \u00bfQuieres comprar con confianza y seguridad? En Wakirete te lo ponemos f\u00e1cil. Somos un servicio de recomendaci\u00f3n de productos que te ayuda a encontrar lo que [&hellip;]<\/p>\n","protected":false},"author":1,"featured_media":0,"parent":0,"menu_order":0,"comment_status":"closed","ping_status":"closed","template":"","meta":{"footnotes":""},"class_list":["post-355","page","type-page","status-publish","hentry"],"_links":{"self":[{"href":"https:\/\/wakirete.com\/index.php\/wp-json\/wp\/v2\/pages\/355","targetHints":{"allow":["GET"]}}],"collection":[{"href":"https:\/\/wakirete.com\/index.php\/wp-json\/wp\/v2\/pages"}],"about":[{"href":"https:\/\/wakirete.com\/index.php\/wp-json\/wp\/v2\/types\/page"}],"author":[{"embeddable":true,"href":"https:\/\/wakirete.com\/index.php\/wp-json\/wp\/v2\/users\/1"}],"replies":[{"embeddable":true,"href":"https:\/\/wakirete.com\/index.php\/wp-json\/wp\/v2\/comments?post=355"}],"version-history":[{"count":10,"href":"https:\/\/wakirete.com\/index.php\/wp-json\/wp\/v2\/pages\/355\/revisions"}],"predecessor-version":[{"id":368,"href":"https:\/\/wakirete.com\/index.php\/wp-json\/wp\/v2\/pages\/355\/revisions\/368"}],"wp:attachment":[{"href":"https:\/\/wakirete.com\/index.php\/wp-json\/wp\/v2\/media?parent=355"}],"curies":[{"name":"wp","href":"https:\/\/api.w.org\/{rel}","templated":true}]}}